{"id":197,"date":"2020-12-05T00:55:40","date_gmt":"2020-12-04T21:55:40","guid":{"rendered":"http:\/\/uzmanmakine.com.tr\/?page_id=197"},"modified":"2020-12-05T01:09:27","modified_gmt":"2020-12-04T22:09:27","slug":"turbonun-faydalari-nelerdir","status":"publish","type":"page","link":"https:\/\/uzmanmakine.com.tr\/index.php\/turbonun-faydalari-nelerdir","title":{"rendered":"Turbonun faydalar\u0131 nelerdir?"},"content":{"rendered":"\n<div class=\"wp-block-themeisle-blocks-advanced-columns has-2-columns has-desktop-oneTwo-layout has-tablet-equal-layout has-mobile-collapsedRows-layout has-default-gap has-vertical-unset\" id=\"wp-block-themeisle-blocks-advanced-columns-cee2bda7\"><div class=\"wp-block-themeisle-blocks-advanced-columns-overlay\"><\/div><div class=\"innerblocks-wrap\">\n<div class=\"wp-block-themeisle-blocks-advanced-column\" id=\"wp-block-themeisle-blocks-advanced-column-50d5ad13\">\n<figure class=\"wp-block-image size-large\"><img decoding=\"async\" loading=\"lazy\" width=\"398\" height=\"287\" src=\"http:\/\/uzmanmakine.com.tr\/wp-content\/uploads\/2020\/11\/resim1.jpg\" alt=\"\" class=\"wp-image-152\" srcset=\"https:\/\/uzmanmakine.com.tr\/wp-content\/uploads\/2020\/11\/resim1.jpg 398w, https:\/\/uzmanmakine.com.tr\/wp-content\/uploads\/2020\/11\/resim1-300x216.jpg 300w\" sizes=\"(max-width: 398px) 100vw, 398px\" \/><\/figure>\n<\/div>\n\n\n\n<div class=\"wp-block-themeisle-blocks-advanced-column\" id=\"wp-block-themeisle-blocks-advanced-column-c0b52fd9\">\n<p>&#8211; K\u00fc\u00e7\u00fck bir motorla daha fazla g\u00fc\u00e7,<\/p>\n\n\n\n<p>&#8211; Yak\u0131t t\u00fcketimi tasarrufu,<\/p>\n\n\n\n<p>&#8211; Y\u00fcksek irtifalarda motor g\u00fc\u00e7 kayb\u0131n\u0131 \u00f6nler,<\/p>\n\n\n\n<p>&#8211; \u00c7evre dostu.<\/p>\n<\/div>\n<\/div><\/div>\n\n\n\n<p><\/p>\n","protected":false},"excerpt":{"rendered":"","protected":false},"author":1,"featured_media":0,"parent":0,"menu_order":0,"comment_status":"closed","ping_status":"closed","template":"","meta":{"neve_meta_sidebar":"full-width","neve_meta_container":"","neve_meta_enable_content_width":"on","neve_meta_content_width":100,"neve_meta_title_alignment":"","neve_meta_author_avatar":"","neve_post_elements_order":"","neve_meta_disable_header":"","neve_meta_disable_footer":"","neve_meta_disable_title":"","_themeisle_gutenberg_block_has_review":false,"footnotes":""},"_links":{"self":[{"href":"https:\/\/uzmanmakine.com.tr\/index.php\/wp-json\/wp\/v2\/pages\/197"}],"collection":[{"href":"https:\/\/uzmanmakine.com.tr\/index.php\/wp-json\/wp\/v2\/pages"}],"about":[{"href":"https:\/\/uzmanmakine.com.tr\/index.php\/wp-json\/wp\/v2\/types\/page"}],"author":[{"embeddable":true,"href":"https:\/\/uzmanmakine.com.tr\/index.php\/wp-json\/wp\/v2\/users\/1"}],"replies":[{"embeddable":true,"href":"https:\/\/uzmanmakine.com.tr\/index.php\/wp-json\/wp\/v2\/comments?post=197"}],"version-history":[{"count":3,"href":"https:\/\/uzmanmakine.com.tr\/index.php\/wp-json\/wp\/v2\/pages\/197\/revisions"}],"predecessor-version":[{"id":200,"href":"https:\/\/uzmanmakine.com.tr\/index.php\/wp-json\/wp\/v2\/pages\/197\/revisions\/200"}],"wp:attachment":[{"href":"https:\/\/uzmanmakine.com.tr\/index.php\/wp-json\/wp\/v2\/media?parent=197"}],"curies":[{"name":"wp","href":"https:\/\/api.w.org\/{rel}","templated":true}]}}